factors of p(2).
2
Let n(t) be the second derivative of t**5/20 + t**4/12 + t**3/3 - t**2/2 - 2*t. Let f = 24 + -22. What are the prime factors of n(f)?
3, 5
Let d = 346 + 55. What are the prime factors of d?
401
Suppose 4*l - 9 + 29 = 0. What are the prime factors of 2 - l*(-2 + 3)?
7
Let s(k) = k**3 + 8*k**2 - 11*k - 12. What are the prime factors of s(-8)?
2, 19
Suppose w - i + 5 = 0, -4*w = -w - i + 11. List the prime factors of 10 + 2*w/(-6).
11
Let j(f) = 219*f**3 + 3 + 5*f**2 - 218*f**3 - 2*f + f. Let z = -8 - -3. List the prime factors of j(z).
2
Let l = -4 + -2. Suppose -j - 31 = 2*g, -4*j = g + 2*g + 39. Let c = l - g. List the prime factors of c.
11
Suppose -5*p + 97 + 53 = 0. Let n = 48 - p. What are the prime factors of n?
2, 3
Suppose 8*a - 180 = 3*a. List the prime factors of a.
2, 3
Let r(u) = -10 + 2 + 3*u + 2 + 3*u. List the prime factors of r(5).
2, 3
Let p = -52 + 75. What are the prime factors of p?
23
Let m(k) = -k**3 - 16*k**2 - 15*k + 2. Let a be m(-15). Let b(d) = 1 + 0*d + 2*d + 4*d. List the prime factors of b(a).
13
Let w be 1*(2 - 3 - 2). List the prime factors of 1*(3 - 24/w).
11
Let r(u) = u + 12. Let o be r(-10). Let v = 8 - o. List the prime factors of v.
2, 3
Let b = 35 + -5. What are the prime factors of b?
2, 3, 5
Suppose 5*i = 5*g + 16 + 214, i - 5*g - 26 = 0. What are the prime factors of i?
3, 17
Let v be (1*-1)/(2/(-16)). Suppose 0 = -0*b - 2*b + v. Suppose 0 = -3*m - u + 18, -8*u + b*u - 40 = -4*m. List the prime factors of m.
7
Let k(y) = -5*y**2 - 12*y + 5. Let a(p) = 2*p**2 + 6*p - 2. Let j(v) = 7*a(v) + 3*k(v). Let b be j(3). Let d = -1 + b. What are the prime factors of d?
3
Suppose -d = -5*d + 364. List the prime factors of d.
7, 13
What are the prime factors of 3 + (-1)/(0 + -1)?
2
Suppose 2*j = -j - 45. What are the prime factors of (-141)/j + (-2)/5?
3
Let x = 16 - 11. Suppose -4*l - 26 = -x*l. Suppose 0 = -3*i + 9, 5*p - 3*i - 5 = l. What are the prime factors of p?
2
Let z(m) = m**2 - 12*m + 5. List the prime factors of z(13).
2, 3
Let a = 3 + -9. Let c(l) = l**3 + 3*l**2 - 6*l - 7. Let u be c(-5). List the prime factors of 2/(a/u) + 2.
11
Let w be 14/21*18/4. What are the prime factors of 3/(w/6 + 1)?
2
Let t = -5 - -5. Suppose -3*i + 6*i = t. Suppose i = 2*n - 3 - 3. List the prime factors of n.
3
Let y = 2 + 5. List the prime factors of y.
7
Let u(y) = 2*y**2 - 4*y - 1. Let k be u(3). Let l(q) = q**2 - 2*q - 7. Let t be l(k). List the prime factors of -2*(-2)/(t/22).
11
Let x(u) = 2*u**2 - u + 1. Let t be x(2). What are the prime factors of ((-6)/t)/((-33)/154)?
2
Let m(o) = -o - 5. Let p be m(-5). Suppose p*d - 150 = -5*d. What are the prime factors of d?
2, 3, 5
Let a(s) = -s**2 + 5*s + 6. Let g(f) = 5*f**2 - 2*f - 1. Let y be g(-1). Let k be a(y). Suppose c + 7 - 21 = k. What are the prime factors of c?
2, 7
Let i be (8/(-6))/(2/(-6)). Suppose 0 = -b + i. What are the prime factors of b?
2
Suppose -2*o = -5*o - 5*x + 8, -3*x = -5*o + 36. Suppose -o = -3*b + 3. List the prime factors of b.
3
Let m = 6 - 6. Suppose i + m*i = 16. What are the prime factors of i?
2
Suppose -4*f - 1 = -2*i - 9, i = 3*f - 7. Let n(d) = -3 + 10*d - i + 4. List the prime factors of n(1).
3
Suppose 0 = 4*g - 8 + 20. Let p be (-19)/1 + g + 2. What are the prime factors of (p - (0 + 0))/(-2)?
2, 5
Let s be (-6)/2*(-10)/(-15). Let n be (s/(-3))/((-1)/(-6)). Suppose 0 = n*r - 30 - 6. List the prime factors of r.
3
What are the prime factors of (-22 - -9)*(0 - 1)?
13
Let o(v) = -v**3 + 4*v**2 + v + 4. Let r be o(4). What are the prime factors of (-3)/(6/r*-2)?
2
Suppose -18*v + 19*v - 64 = 0. List the prime factors of v.
2
Let z be 1/2*2 - -3. Suppose -5*b + 90 + 54 = w, -5*b = -z*w - 124. List the prime factors of b.
2, 7
Let p be (-6)/9*(-19 - -1). What are the prime factors of (-1 - 3)/(p/(-6))?
2
Let s(a) = -a**3 - 4*a**2 - 3*a + 8. List the prime factors of s(-4).
2, 5
Suppose -4*t - 3*q = -96, -2*t - 3*t + 143 = -2*q. Suppose 2*a = 3*a - 5*z - t, -21 = -3*a + 3*z. What are the prime factors of a?
2
Let v(q) = -q**2 - 15*q - 12. What are the prime factors of v(-12)?
2, 3
Let g = -36 + 64. Suppose -z + 5*p = -34, -2*z + g = 4*p - 12. List the prime factors of z.
2, 3
Suppose 4*c - 6*c + 12 = 0. What are the prime factors of c?
2, 3
Let m = 118 - 100. List the prime factors of m.
2, 3
Let k = 4 - -25. List the prime factors of k.
29
Let x = 3 + 1. Suppose -x = 3*d - 94. List the prime factors of d.
2, 3, 5
Let n be (-1)/(-3) - (-8)/(-24). Let u(l) = l**3 + l**2 - l + 5. What are the prime factors of u(n)?
5
Suppose -c + 581 = 4*f, 0*c + 143 = f + c. What are the prime factors of f?
2, 73
List the prime factors of 30/12 - (-2)/4.
3
Suppose -4*p + 68 = -2*p. Suppose -3*c + 15 = w - c, -2*w - 5*c + p = 0. Suppose w*s - 3*s - 16 = 0. List the prime factors of s.
2
Let j(d) be the second derivative of d**5/20 + d**4/2 - 5*d**3/3 - 9*d**2/2 - 4*d. What are the prime factors of j(-6)?
3, 17
Let h(n) = n**3 + 8*n**2 - 10*n - 9. Let s be h(-9). Suppose -3*u = -5*c + 31 + 14, -23 = -3*c + u. Let f = c - s. What are the prime factors of f?
2, 3
Let l(i) = i**3 - 6*i**2 - 5*i - 7. What are the prime factors of l(8)?
3
Suppose c + 3*i = 6*i + 10, 5*c - 32 = -3*i. Suppose -11*g = -c*g - 196. What are the prime factors of g?
7
What are the prime factors of (-8)/32 - (-577)/4?
2, 3
Let u = 4 + -8. Let s(a) = -a**2 - 4*a. Let o be s(u). Suppose -9 = -o*t - t. What are the prime factors of t?
3
Let x be (-2)/(-1) + -2 + 5. Let n = 8 - x. What are the prime factors of n?
3
Suppose 0 = -2*m + 18 - 8. Let g(k) = 4*k - 5. What are the prime factors of g(m)?
3, 5
Let p = 221 - 146. Let y = p + -45. List the prime factors of y.
2, 3, 5
Let p = -11 + 17. Let a = 31 - p. What are the prime factors of a?
5
What are the prime factors of 1 - (-6)/(-4) - (-2450)/28?
3, 29
Let b(h) = -11*h + 2. Let g(x) = -x - 1. Let i(o) = b(o) - g(o). What are the prime factors of i(-3)?
3, 11
Let s = -9 + 31. What are the prime factors of s?
2, 11
Let c = -71 + 123. Suppose 3*g - 50 = -g + 3*l, 4*g - 2*l - c = 0. List the prime factors of g.
2, 7
Suppose 5*s + 0*s = 0. Suppose 5*u + s*u = 5*k - 40, 0 = 5*k - u - 24. Suppose 6*m = k*d + m - 18, -3*d + 14 = -4*m. List the prime factors of d.
2
Suppose 3*c = -4*x + 23, -6*c + 4*x + 31 = -3*c. List the prime factors of c.
3
Let v = 191 - -96. List the prime factors of v.
7, 41
Let p = 1 + 3. Let o be ((-2)/p)/(1/(-10)). Suppose 2*g - 4*v - 40 = 0, o*g + v - 50 - 6 = 0. List the prime factors of g.
2, 3
Suppose -2*r + 186 = 4*r. Let z(t) = -4*t + 2. Let v be z(4). Let y = r + v. What are the prime factors of y?
17
Suppose -5*c = 4*k - 318, 0*k - 148 = -2*k + 3*c. What are the prime factors of k?
7, 11
What are the prime factors of 68 + -3 + 3 + -3?
5, 13
Suppose -2*n + 58 + 12 = 0. List the prime factors of n.
5, 7
Let r be 3/4 + 45/(-12). What are the prime factors of 33/6 + r/2?
2
Let b(n) = -7*n - 30. List the prime factors of b(-15).
3, 5
Let v = 2 + -2. Suppose v = 2*y - 0*y - 4. What are the prime factors of y?
2
Suppose 0 = -5*i - 5*k + 145, -4*k + 126 = 4*i - 2*k. What are the prime factors of i?
2, 17
Let s(f) = 5*f**3 - 4*f**2 + f + 2. What are the prime factors of s(2)?
2, 7
Let i(t) = -2*t**2 + 2*t**2 - 6*t - t**2 - 12 - 4*t. List the prime factors of i(-6).
2, 3
Suppose 0 = 14*z + 868 - 4102. List the prime factors of z.
3, 7, 11
Let z(v) = v**3 + 6*v - 6. What are the prime factors of z(3)?
3, 13
Suppose -3*t + 11*t - 296 = 0. List the prime factors of t.
37
Let f be (0 - -1)/((-12)/(-36)). Let k = 15 - 9. Suppose -4*u + 13 = 5*a, f*a + 0*u = -3*u + k. What are the prime factors of a?
5
Let r(f) = f**2 - 8*f - 2. Let a be r(8). Let t be (-2 - 0) + 3 - 8. Let u = a - t. List the prime factors of u.
5
Let w(h) be the second derivative of h**5/20 + h**4/3 - h**3 + 5*h**2/2 - h. Suppose -2*v = -l + 11, -4*v + v - l = 14. List the prime factors of w(v).
2, 5
What are the prime factors of (-6)/(-14) + 2/(56/1444)?
2, 13
Let o(g) = -6*g. Let n(w) = -3*w + 2. Let t be n(2). Let q be o(t). Suppose 4*p - q - 24 = 0. List the prime factors of p.
2, 3
Suppose -4*p = 50 - 570. Suppose -5*r + 0*r + p = 0. List the prime factors of r.
2, 13
Let f(u) = 2*u**2 + 6*u. List the prime factors of f(-6).
2, 3
Suppos